 1. Let p(k) = -2*o(k) + 7*z(k). Suppose 0 = 2*a - 3*n + 3 - 5, -n + 2 = -2*a. Give p(a).
-9
Let b(w) be the third derivative of -w**7/2520 + w**6/80 - 11*w**4/24 - 23*w**2. Let p(t) be the second derivative of b(t). Determine p(8).
8
Let t(g) = -2*g + 7. Let l be 3*((-2)/12)/(2/16). Give t(l).
15
Let y(n) = -n**3 + 13*n**2 + 4. Let h be y(13). Let q = -2 + h. Let m(w) = 9 - 3*w**q + 4*w**2 + 0 - w. Give m(0).
9
Let x(b) = 13*b - 19. Let c(t) = -30*t + 37. Let m(s) = 3*c(s) + 7*x(s). Determine m(11).
-11
Let r(u) = -u**2 - 6*u. Let v = 228 - 232. Determine r(v).
8
Let t(f) = 3*f**2 - 78 + 78 + 3*f**2 + f**3 + f. Let o be t(-6). Let v(c) = c**2 + 5*c - 6. Determine v(o).
0
Let h(r) = 26*r - 14*r + 3*r**2 - 76 - 7*r + 82 - 2*r**2. Calculate h(-5).
6
Let x(m) = -6448*m**2 - 3 + m**3 + 0*m + 6445*m**2 + m. Calculate x(3).
0
Let m(h) = 2*h - 1. Let j = 177 - 187. Suppose -l + 4*a - 17 = 0, 7 + 28 = -4*l + 5*a. Let k = l - j. Calculate m(k).
9
Let n(a) be the third derivative of a**4/8 + a**3/2 - 456*a**2 - 2*a. Suppose 0 = 2*j + 8 - 2. Calculate n(j).
-6
Suppose -47*f + 49*f - 16 = 0. Let a(i) = -i**2 + 7*i + 8. Calculate a(f).
0
Let t(u) = -3*u - 3. Suppose 12 - 8 = p. Suppose 4*h + n = 17, -h = -p*n + 3 + 14. Calculate t(h).
-12
Let n(a) = 2*a**2 - 7*a - 1. Let k(y) = 3*y**2 - 11*y - 1. Let j(f) = -5*k(f) + 8*n(f). Determine j(0).
-3
Let l(r) = -21*r**2 - 2*r - 2. Let c be 9/(-6)*(-38)/(-57). Give l(c).
-21
Let x(d) be the third derivative of d**5/60 + d**3/6 + 116*d**2. Calculate x(-2).
5
Let x(r) = r**3 + 4*r**2 + 3*r - 4. Suppose 5*c - 3*i - 9 = -63, 0 = 3*c + 2*i + 40. Let t = c + 18. Suppose 3*a = t*a + 12. Give x(a).
-16
Let z(a) = 3*a - 8. Let n(h) = -h**3 + 18*h**2 - 13*h - 19. Let y be n(17). Let s = 56 - y. Determine z(s).
13
Let o(m) = -m**2 + 3*m. Let d be (5 - -4)*(-3)/(-9). Let k be o(d). Let n(f) = f**3 - f**2 + f - 4. What is n(k)?
-4
Let c(b) = b**3 - 13*b**2 - 16*b + 32. Let f be c(14). Suppose d = -d - 2*m + 16, 0 = -3*d + 4*m - f. Let q(k) = -k**2 + 4*k. Calculate q(d).
0
Let u(f) = 5*f**3 + f**2 - f - 4. Let y(g) = -g**2 + g + 1. Let k(t) = u(t) + 3*y(t). Let b be (4/8)/(4 + 35/(-10)). Determine k(b).
4
Let f(h) = -h**3 + 11*h**2 - 10*h + 2. Let c be f(10). Let s(g) be the first derivative of -2*g + c - 3/2*g**2. Give s(2).
-8
Let v(g) be the first derivative of -g**2/2 - 8*g + 1. Let c be (-10*1/(-2))/(945/1134). What is v(c)?
-14
Let b(a) = a. Let g(j) = -6*j + 6. Let w(d) = -4*b(d) - g(d). Let i be w(4). Let q(m) = -i*m + 2*m - 4*m - 1. Give q(-1).
3
Let x(d) = -5*d + 36. Let r = -111 + 118. Give x(r).
1
Let z(c) = -c**2 - 2*c - 7. Let u = 352 + -352. Determine z(u).
-7
Let q(w) = 5*w - 2. Let o(v) = 7*v. Let f(g) = -2*o(g) + 3*q(g). Give f(10).
4
Let x(v) = v**3 + 6*v**2 - 3*v - 6. Let b be x(-6). Let n = -7 + b. Let d(l) be the first derivative of l**3/3 - 3*l**2/2 - 4*l - 291. Determine d(n).
6
Let y(k) = k**2 - 1. Let x(b) be the first derivative of 4*b**3/3 + 2*b**2 - 18. Let l(w) = x(w) - 5*y(w). Determine l(6).
-7
Let a be 68/51 - 14/(-3). Let q(m) = -m**2 + 9*m - 3. Determine q(a).
15
Let g be (-4 + -1)*(-1 + 0). Let w(i) = 2*i**3 - 10*i**2 - 9*i + 13. Let d(o) = -o**3 + 5*o**2 + 5*o - 7. Let q(j) = 11*d(j) + 6*w(j). What is q(g)?
6
Let y be 3 + 7 - (10 + -6). Let q(r) = -5*r - 5. Calculate q(y).
-35
Let b(o) = -9*o - 1. Let n(c) = 47*c + 7. Let t(x) = -5*b(x) - n(x). Determine t(-3).
4
Suppose -32*g = -18*g - 28. Let i(s) = 4*s - 3. What is i(g)?
5
Suppose -6*j + 12 = -3*j. Suppose j*n = -n + 4*u + 14, 4*u = 16. Let d(g) be the first derivative of -g**3/3 + 5*g**2/2 + 4*g + 1. Determine d(n).
-2
Let y(v) be the first derivative of -v**3/3 + 2*v - 49. Give y(-5).
-23
Let q(k) = -k. Let m be q(-6). Let j(u) be the first derivative of -u**2/2 + 6*u - 34. Determine j(m).
0
Let v(g) = -10*g**2 + 21*g + 1. Let l(m) = -13*m**2 + 24*m. Let y(w) = 3*l(w) - 4*v(w). What is y(14)?
24
Let p(n) = n**2 - 7*n + 7. Let a(r) = -r**3 + 7*r**2 + 9*r - 3. Let q be (4/6)/(1/6). Suppose 18 = q*z - h - 16, -h = -3*z + 26. Let k be a(z). Give p(k).
-3
Suppose -2*j - 23 = -3*h - 4, -5*j = -3*h + 25. Let d(r) = 2*r - 2. Let s(l) = -7*l + 7. Let p(z) = 22*d(z) + 6*s(z). Give p(j).
-6
Let l(j) be the second derivative of -2*j**4/3 - j**3/6 - 330*j. What is l(-3)?
-69
Let h(c) = -6*c**2 + 5*c + 4. Let l be h(-1). Let x(o) = -o**2 + o**2 - 2 - o**2 - 7*o + 5. What is x(l)?
3
Let d(x) be the third derivative of -x**4/3 + x**3/6 - 308*x**2 - 1. Determine d(3).
-23
Let w = 1 + 1. Suppose -6*s = -7*s + 7. Let z(m) = -2*m - s*m**3 - 4*m**3 + 3*m**2 + 9*m**3 + 3. Determine z(w).
-5
Let y(c) = 4*c**3 + 132*c**2 + c + 25. Let x be y(-33). Let r(q) = -q**2 - 14*q - 42. Determine r(x).
6
Let x(s) = -5*s**2 - 2*s + 1. Let z be (-4)/(-2 + 0/(-3)). Give x(z).
-23
Let v(g) be the first derivative of -g**3/3 + g**2/2 + 2*g - 1. Suppose -6*n - 18 = -8*n. Let i be 0 + ((-6)/8)/(n/(-36)). Calculate v(i).
-4
Let n(o) = -o**3 - 5*o**2 - 4*o + 2. Let z(a) = -2*a - 13. Let j be z(-11). Suppose 0 = j*g - 0 + 36. Determine n(g).
2
Let z(h) be the second derivative of h**6/360 + h**5/120 - h**4/12 + h. Let w(u) be the third derivative of z(u). Suppose -6120*p + 6117*p = 15. Give w(p).
-9
Let j = -2 + 2. Let b(t) = 2*t + t**2 + j*t**2 - 2*t**3 + 0*t**2. What is b(2)?
-8
Let b(i) = -i**2 - 3*i - 1. Suppose 2*m + 6*a - 8*a + 14 = 0, -6 = -2*m - 2*a. Determine b(m).
1
Let t(y) = -7*y**2 + 13*y**2 - 7*y**2. Determine t(-3).
-9
Let z(s) = s**3 - 6*s**2 + 6*s - 5. Let q be 744/180 + -2*3/45. Calculate z(q).
-13
Suppose -5*h + 4*h - 3 = 0. Let m = -4 - h. Let q(i) be the first derivative of -i**2/2 - i + 4. Determine q(m).
0
Suppose 5*x + t + 75 = -4*t, -5*x - 95 = t. Suppose r - 23 = 2*r. Let b = r - x. Let o(s) = -s**2 + s + 2. What is o(b)?
-10
Let p be 18 + (-9)/3 + -10. Let g(b) = 3*b - 18. Give g(p).
-3
Let a(m) = m - 5. Let l(z) = 4*z**2 + 32*z - 8. Let h be l(-8). Determine a(h).
-13
Suppose -7*h + 41 = -169. Suppose 7*o - 2*o + h = 3*d, 2*o + 3*d = -12. Let m(x) = x**2 + 6*x + 7. What is m(o)?
7
Let a(h) be the first derivative of -7*h**2/2 - 3*h - 231. What is a(-2)?
11
Let t(g) be the second derivative of -g**8/6720 + g**7/630 + 7*g**6/720 - g**5/120 + 2*g**4/3 + 2*g. Let s(p) be the third derivative of t(p). What is s(5)?
9
Let u(d) be the third derivative of d**6/120 + d**5/10 - d**4/4 - 24*d**2 + 1. Give u(-7).
-7
Suppose 3*h - 5*l + 35 = -h, 2*l = 3*h + 21. Let g be ((-1)/(1/h))/(-1). Let c(v) = -4 - v**3 - 3 - 29*v - 6*v**2 + 50*v - 27*v. Calculate c(g).
-2
Let j(z) = 1822*z**2 - 11*z - 1820*z**2 + 8 - 5*z. Calculate j(7).
-6
Suppose p - 2 = -4*b, 2*p - 6*p - 4*b + 32 = 0. Let t = -40 + 45. Let d(j) = j + t + p - 14. Determine d(0).
1
Let p(z) be the first derivative of z**5/60 + 11*z**4/24 - 4*z**3/3 - 16. Let d(x) be the third derivative of p(x). Calculate d(-9).
-7
Let r = -324 + 322. Let k(g) = 2*g**3 + 3*g**2 + 2*g. Give k(r).
-8
Let s(a) = -2*a**2 - 3*a + 2. Suppose -24*m - 96 = -24. Give s(m).
-7
Let g be (-1 - -1)/(12 - 16). Suppose -b + 2*r = 12, g = 3*b + 2*b + r + 16. Let c(d) = -d**3 - 5*d**2 - 5*d. What is c(b)?
4
Let r(u) = u**3 + u. Let i(o) = -4*o**3 - 5*o**2 + 4*o - 1. Let d(j) = -i(j) - 3*r(j). Suppose 4*a = 5*b + 46, -2*b - 15*a + 20*a = 32. Determine d(b).
7
Let x(d) = -8*d**2 - 4*d**2 + 11*d**2 + 4*d**2 - 18*d - 2*d**2. Give x(15).
-45
Let y(k) = -11*k - 5. Let l be y(-2). Let r(v) = 4*v + l + 4*v - 4*v - 24. What is r(6)?
17
Let u(t) = -2*t - 1. Let z(j) = j**3 - 2*j**2 - 14*j - 1. Let s be z(5). Suppose 9 = -3*b - 18. Let l(v) = -3*v - 2. Let x(c) = b*u(c) + s*l(c). Calculate x(2).
13
Let y(m) be the second derivative of m**5/60 - m**4/6 - m**3/6 - 3*m**2/2 + 24*m. Let w(q) be the first derivative of y(q). Give w(4).
-1
Suppose j - 4 - 7 = 0. Let i(a) = -5*a**2 - 2*a**2 - j + 2 - 6*a + 6*a**2. Let k be (8/(-12))/(2/18). Give i(k).
-9
Let l(g) be the second derivative of g**3/6 - 135*g. Determine l(7).
7
Let c(f) = f**3 - 10*f**2 + 19*f - 2. Let x be c(8). Suppose 5*j - x = -3*s + 4*j, 3*s - 26 = -2*j. Let r(z) = -z**2 + 6*z. Calculate r(s).
0
Let i(q) be the third derivative of -q**6/120 - 2*q**5/15 - 3*q**4/8 - q**3 + 521*q**2. What is i(-6)?
-24
Let h(v) = -v**2 - 4. Suppose -44 - 6 = -5*m. Let n(p) = 5 + 5 + m*p**2 - 5*p**3 - 2 +